ten millions digit of 15320910?
1
What is the units digit of 422512?
2
What is the hundred thousands digit of 205892?
2
What is the hundred thousands digit of 462419?
4
What is the tens digit of 853939?
3
What is the thousands digit of 1486040?
6
What is the units digit of 260288?
8
What is the thousands digit of 138022?
8
What is the thousands digit of 9718600?
8
What is the hundred thousands digit of 420835?
4
What is the ten thousands digit of 6948020?
4
What is the thousands digit of 1789294?
9
What is the hundreds digit of 72083?
0
What is the hundreds digit of 827708?
7
What is the units digit of 81154?
4
What is the hundreds digit of 776536?
5
What is the hundreds digit of 7818625?
6
What is the thousands digit of 138896?
8
What is the hundred thousands digit of 507348?
5
What is the thousands digit of 4370253?
0
What is the hundred thousands digit of 286139?
2
What is the units digit of 6317256?
6
What is the units digit of 9368610?
0
What is the thousands digit of 547954?
7
What is the hundreds digit of 5509241?
2
What is the units digit of 3740587?
7
What is the ten thousands digit of 20766238?
6
What is the thousands digit of 9772505?
2
What is the hundred thousands digit of 12980008?
9
What is the hundred thousands digit of 4233418?
2
What is the millions digit of 8386034?
8
What is the units digit of 877538?
8
What is the hundreds digit of 88765?
7
What is the millions digit of 2182754?
2
What is the hundreds digit of 66308?
3
What is the tens digit of 147549?
4
What is the hundreds digit of 33693?
6
What is the hundreds digit of 166214?
2
What is the millions digit of 3523648?
3
What is the ten millions digit of 16481661?
1
What is the ten thousands digit of 192149?
9
What is the ten thousands digit of 2982922?
8
What is the millions digit of 4484670?
4
What is the hundred thousands digit of 481295?
4
What is the units digit of 10707594?
4
What is the tens digit of 2048951?
5
What is the hundred thousands digit of 344749?
3
What is the ten thousands digit of 1235059?
3
What is the thousands digit of 386960?
6
What is the hundreds digit of 4475972?
9
What is the hundreds digit of 633337?
3
What is the units digit of 67749?
9
What is the millions digit of 15143373?
5
What is the thousands digit of 555118?
5
What is the hundred thousands digit of 2090337?
0
What is the tens digit of 18207884?
8
What is the units digit of 4476018?
8
What is the tens digit of 685474?
7
What is the hundreds digit of 2816916?
9
What is the thousands digit of 10871389?
1
What is the hundred thousands digit of 135330?
1
What is the tens digit of 337598?
9
What is the thousands digit of 1697?
1
What is the tens digit of 2662395?
9
What is the tens digit of 270096?
9
What is the thousands digit of 601058?
1
What is the hundreds digit of 1113881?
8
What is the units digit of 223958?
8
What is the thousands digit of 2079051?
9
What is the units digit of 1013332?
2
What is the hundreds digit of 104709?
7
What is the tens digit of 409583?
8
What is the thousands digit of 659777?
9
What is the ten millions digit of 11569175?
1
What is the ten thousands digit of 150203?
5
What is the thousands digit of 1139988?
9
What is the thousands digit of 1051800?
1
What is the millions digit of 10657332?
0
What is the millions digit of 6267408?
6
What is the ten thousands digit of 2359624?
5
What is the hundreds digit of 1250516?
5
What is the ten thousands digit of 730254?
3
What is the millions digit of 1532895?
1
What is the hundreds digit of 458264?
2
What is the hundred thousands digit of 389141?
3
What is the units digit of 237543?
3
What is the thousands digit of 671588?
1
What is the ten thousands digit of 361466?
6
What is the ten thousands digit of 239893?
3
What is the hundred thousands digit of 441563?
4
What is the thousands digit of 7288323?
8
What is the ten thousands digit of 254658?
5
What is the tens digit of 42088?
8
What is the hundred thousands digit of 269807?
2
What is the hundreds digit of 218657?
6
What is the tens digit of 2354818?
1
What is the tens digit of 39052507?
0
What is the thousands digit of 5199368?
9
What is the millions digit of 6391059?
6
What is the thousands digit of 190358?
0
What is the thousands digit of 6519888?
9
What is the hundred thousands digit of 22398381?
3
What is the units digit of 3344374?
4
What is the hundreds digit of 62190?
1
What is the units digit of 722173?
3
What is the millions digit of 3878795?
3
What is the hundreds digit of 486156?
1
What is the hundred thousands digit of 22070993?
0
What is the tens digit of 6915029?
2
What is the ten thousands digit of 710071?
1
What is the thousands digit of 5329021?
9
What is the units digit of 413302?
2
What is the hundreds digit of 288632?
6
What is the units digit of 208775?
5
What is the ten thousands digit of 990007?
9
What is the tens digit of 5821421?
2
What is the units digit of 1871000?
0
What is the thousands digit of 266793?
6
What is the hundred thousands digit of 521719?
5
What is the millions digit of 2360935?
2
What is the tens digit of 512150?
5
What is the millions digit of 12771408?
2
What is the ten thousands digit of 100732?
0
What is the ten thousands digit of 184853?
8
What is the thousands digit of 4060369?
0
What is the tens digit of 52375?
7
What is the ten thousands digit of 710370?
1
What is the millions digit of 6643463?
6
What is the hundreds digit of 358316?
3
What is the ten thousands digit of 1394696?
9
What is the ten thousands digit of 5232599?
3
What is the tens digit of 1251460?
6
What is the hundred thousands digit of 131855?
1
What is the tens digit of 537890?
9
What is the tens digit of 1759352?
5
What is the ten thousands digit of 2584997?
8
What is the thousands digit of 594851?
4
What is the units digit of 1098481?
1
What is the thousands digit of 167109?
7
What is the hundreds digit of 13853690?
6
What is the hundred thousands digit of 839194?
8
What is the hundreds digit of 123513?
5
What is the tens digit of 76100?
0
What is the tens digit of 25308976?
7
What is the ten thousands digit of 604062?
0
What is the thousands digit of 1598228?
8
What is the ten thousands digit of 506696?
0
What is the ten millions digit of 12567613?
1
What is the units digit of 636011?
1
What is the hundred thousands digit of 231696?
2
What is the units digit of 8149218?
8
What is the ten thousands digit of 801494?
0
What is the ten thousands digit of 12583?
1
What is the tens digit of 417833?
3
What is the thousands digit of 335347?
5
What is the hundreds digit of 648876?
8
What is the millions digit of 1486657?
1
What is the hundred thousands digit of 1242946?
2
What is the ten thousands digit of 15506?
1
What is the thousands digit of 239086?
9
What is the ten thousands digit of 851395?
5
What is the hundreds digit of 670574?
5
What is the units digit of 2154439?
9
What is the tens digit of 7993542?
4
What is the thousands digit of 1477175?
7
What is the units digit of 923921?
1
What is the ten thousands digit of 6238034?
3
What is the hundreds digit of 194233?
2
What is the ten thousands digit of 282961?
8
What is the ten thousands digit of 1297735?
9
What is the millions digit of 5444489?
5
What is the ten thousands digit of 18818747?
1
What is the thousands digit of 8574307?
4
What is the ten millions digit of 12832549?
1
What is the units digit of 666136?
6
What is the thousands digit of 4365975?
5
What is the hundred thousands digit of 1829583?
8
What is the ten thousands digit of 465834?
6
What is the tens digit of 5130360?
6
What is the hundreds digit of 229467?
4
What is the units digit of 8041497?
7
What is the thousands digit of 220060?
0
What is the tens digit of 4509452?
5
What is the units digit of 554576?
6
What is the tens digit of 300727?
2
What is the thousands digit of 7580674?
0
What is the tens digit of 28979?
7
What is the hundreds digit of 37289?
2
What is the millions digit of 7307848?
7
What is the thousands digit of 734028?
4
What is the tens digit of 1373435?
3
What is the hundreds digit of 519927?
9
What is the units digit of 6398692?
2
What is the units digit of 901346?
6
What is the tens digit of 39074652?
5
What is the hundreds digit of 75256?
2
What is the ten thousands digit of 1958836?
5
What is the thousand